0?
3
What is the hundred thousands digit of 700777?
7
What is the ten thousands digit of 903391?
0
What is the ten thousands digit of 6149742?
4
What is the units digit of 38200487?
7
What is the thousands digit of 237289?
7
What is the hundreds digit of 2213071?
0
What is the units digit of 240851?
1
What is the units digit of 128171?
1
What is the ten thousands digit of 603427?
0
What is the tens digit of 2691086?
8
What is the thousands digit of 1533188?
3
What is the tens digit of 45402?
0
What is the units digit of 94774?
4
What is the millions digit of 12581960?
2
What is the hundred thousands digit of 317089?
3
What is the hundreds digit of 4401306?
3
What is the tens digit of 203514?
1
What is the ten thousands digit of 3062578?
6
What is the thousands digit of 1361296?
1
What is the thousands digit of 2409115?
9
What is the hundreds digit of 352103?
1
What is the millions digit of 5084905?
5
What is the tens digit of 183064?
6
What is the units digit of 4620991?
1
What is the hundred thousands digit of 212520?
2
What is the hundreds digit of 12358637?
6
What is the thousands digit of 441483?
1
What is the units digit of 13917094?
4
What is the hundred thousands digit of 2789455?
7
What is the millions digit of 1382117?
1
What is the thousands digit of 507240?
7
What is the hundreds digit of 4547483?
4
What is the hundred thousands digit of 2131192?
1
What is the tens digit of 570751?
5
What is the thousands digit of 275446?
5
What is the tens digit of 259829?
2
What is the ten thousands digit of 534104?
3
What is the hundreds digit of 802182?
1
What is the hundreds digit of 77711?
7
What is the ten thousands digit of 2579258?
7
What is the tens digit of 206862?
6
What is the hundreds digit of 550750?
7
What is the units digit of 222630?
0
What is the thousands digit of 542341?
2
What is the ten thousands digit of 7164231?
6
What is the thousands digit of 322037?
2
What is the hundreds digit of 725583?
5
What is the ten thousands digit of 6889874?
8
What is the thousands digit of 6579661?
9
What is the tens digit of 297658?
5
What is the hundred thousands digit of 3824911?
8
What is the thousands digit of 105562?
5
What is the units digit of 2667233?
3
What is the millions digit of 10868537?
0
What is the tens digit of 200149?
4
What is the hundreds digit of 796965?
9
What is the units digit of 4717375?
5
What is the units digit of 30237?
7
What is the hundred thousands digit of 11205532?
2
What is the thousands digit of 1070199?
0
What is the tens digit of 35082?
8
What is the ten thousands digit of 2477510?
7
What is the hundred thousands digit of 891503?
8
What is the units digit of 18755369?
9
What is the millions digit of 16356869?
6
What is the hundreds digit of 3066143?
1
What is the millions digit of 2524081?
2
What is the tens digit of 1345010?
1
What is the tens digit of 2161982?
8
What is the hundreds digit of 2644821?
8
What is the tens digit of 163484?
8
What is the hundred thousands digit of 753061?
7
What is the millions digit of 3843294?
3
What is the hundreds digit of 6100219?
2
What is the millions digit of 1961607?
1
What is the millions digit of 6393504?
6
What is the hundreds digit of 589445?
4
What is the hundred thousands digit of 2268655?
2
What is the hundreds digit of 954293?
2
What is the millions digit of 1895936?
1
What is the units digit of 20702274?
4
What is the ten thousands digit of 13906712?
0
What is the ten thousands digit of 3276832?
7
What is the hundred thousands digit of 510123?
5
What is the ten thousands digit of 2281349?
8
What is the hundred thousands digit of 3241919?
2
What is the units digit of 19427?
7
What is the thousands digit of 257367?
7
What is the thousands digit of 935635?
5
What is the thousands digit of 31768512?
8
What is the units digit of 2323223?
3
What is the units digit of 1322815?
5
What is the hundred thousands digit of 6102498?
1
What is the millions digit of 1799228?
1
What is the thousands digit of 3223725?
3
What is the tens digit of 108093?
9
What is the hundreds digit of 400118?
1
What is the millions digit of 2589317?
2
What is the hundreds digit of 5542315?
3
What is the hundreds digit of 6797114?
1
What is the millions digit of 3992301?
3
What is the ten millions digit of 13045378?
1
What is the millions digit of 21792720?
1
What is the hundreds digit of 397069?
0
What is the millions digit of 1127471?
1
What is the tens digit of 3683252?
5
What is the ten thousands digit of 1320128?
2
What is the millions digit of 1200979?
1
What is the ten thousands digit of 218792?
1
What is the tens digit of 2459633?
3
What is the hundred thousands digit of 8019817?
0
What is the thousands digit of 11512?
1
What is the hundreds digit of 944329?
3
What is the units digit of 11794645?
5
What is the units digit of 78675?
5
What is the hundred thousands digit of 1603806?
6
What is the tens digit of 30924178?
7
What is the thousands digit of 811313?
1
What is the tens digit of 143189?
8
What is the hundred thousands digit of 325846?
3
What is the hundreds digit of 40000?
0
What is the hundred thousands digit of 9514350?
5
What is the millions digit of 1906352?
1
What is the units digit of 2316755?
5
What is the tens digit of 9592810?
1
What is the millions digit of 1819223?
1
What is the hundreds digit of 199912?
9
What is the units digit of 114347?
7
What is the ten thousands digit of 119486?
1
What is the ten millions digit of 22803310?
2
What is the units digit of 306933?
3
What is the units digit of 4274841?
1
What is the thousands digit of 121591?
1
What is the ten thousands digit of 938704?
3
What is the tens digit of 447899?
9
What is the tens digit of 1098245?
4
What is the thousands digit of 502866?
2
What is the units digit of 5615792?
2
What is the tens digit of 6129604?
0
What is the millions digit of 41788801?
1
What is the hundreds digit of 581945?
9
What is the hundreds digit of 6589132?
1
What is the hundreds digit of 23737?
7
What is the hundred thousands digit of 808358?
8
What is the ten thousands digit of 4328837?
2
What is the tens digit of 245250?
5
What is the tens digit of 563685?
8
What is the hundred thousands digit of 105783?
1
What is the hundred thousands digit of 290334?
2
What is the tens digit of 234023?
2
What is the ten millions digit of 29925389?
2
What is the millions digit of 3927917?
3
What is the ten thousands digit of 319411?
1
What is the units digit of 95382?
2
What is the units digit of 8592147?
7
What is the hundreds digit of 4241661?
6
What is the hundred thousands digit of 3549970?
5
What is the tens digit of 31155?
5
What is the millions digit of 6084830?
6
What is the units digit of 117303?
3
What is the thousands digit of 176089?
6
What is the tens digit of 165164?
6
What is the units digit of 1498653?
3
What is the thousands digit of 2222900?
2
What is the units digit of 212220?
0
What is the units digit of 508137?
7
What is the ten thousands digit of 148159?
4
What is the ten thousands digit of 6899711?
9
What is the thousands digit of 6571639?
1
What is the hundred thousands digit of 3286730?
2
What is the thousands digit of 11591664?
1
What is the ten thousands digit of 121636?
2
What is the ten thousands digit of 1710323?
1
What is the units digit of 169572?
2
What is the tens digit of 2278668?
6
What is the thousands digit of 1009052?
9
What is the thousands digit of 21790782?
0
What is the units digit of 127106?
6
What is the hundreds digit of 22933807?
8
What is the hundred thousands digit of 472422?
4
What is the tens digit of 2035576?
7
What is the thousands digit of 1889854?
9
What is the units digit of 175456?
6
What is the tens digit of 1430198?
9
What is the hundred thousands digit of 874418?
8
What is the ten thousands digit of 1031731?
3
What is the units digit of 2073508?
8
What is the hundreds digit of 884215?
2
What is the ten thousands digit of 439751?
3
What is the ten thousands digit of 8838378?
3
What is the hundreds digit of 2471160?
1
What is the thousands digit of 3350075?
0
What is the tens digit of 222321?
2
What is the millions digit of 4308391?
4
What is the thousands digit of 1381413?
1
What is the units digit of 46954?
4
What is the thousands digit of 1173501?
3
What is the ten thousands digit 